144*u - 845. What is j(54)?
19
Let j(i) = 2*i**2 + 89*i - 303588. Determine j(368).
12
Let t(y) = -9320*y - 55836. Determine t(-6).
84
Let k(u) = -26*u**2 - 1641*u - 7722. Give k(-58).
-8
Let t(s) = 2759673*s + 2759664. What is t(-1)?
-9
Let q(v) = -10*v**3 + 5*v**2 + 73*v + 231. Give q(-3).
327
Let i(k) = -6*k**2 - 145*k - 241. Calculate i(-23).
-80
Let h(w) = -2*w**3 - 27*w**2 + 6*w + 25. Determine h(-12).
-479
Let p(u) = -45*u**2 + 2838*u + 2705. Calculate p(64).
17
Let n(h) = -12*h**2 - 108*h - 238. Calculate n(-7).
-70
Let u(j) = 2*j**2 - 371*j + 19040. Calculate u(102).
2006
Let v(c) = -3626*c - 750704. Determine v(-207).
-122
Let g(v) = -24*v**2 - 255*v + 1. What is g(-11)?
-98
Let u(w) = -831*w + 62860. Determine u(76).
-296
Let h(b) = -24*b**2 - 55*b - 282. Calculate h(-6).
-816
Let d(u) = -u**3 + 22*u**2 + 26*u - 744. Determine d(20).
576
Let c(x) = -4274*x - 739388. Calculate c(-173).
14
Let o(g) = -4*g**3 + 25*g**2 - 7*g + 23. Calculate o(3).
119
Let a(z) = 11*z**2 - 801*z + 651. Calculate a(74).
1613
Let d(q) = 151*q**2 + 17364*q - 203. Calculate d(-115).
-88
Let x(l) = -2*l**3 - 35*l**2 - 65*l - 325. Determine x(-17).
491
Let c(o) = 4*o**3 + 966*o**2 + 488*o + 864. Give c(-241).
-582
Let p(n) = 10*n**2 + 6641*n - 763237. Determine p(-764).
-1
Let g(t) = 2828*t - 17011. Calculate g(6).
-43
Let v(j) = -3*j**3 - 95*j**2 + 131*j - 72. Calculate v(-33).
-39
Let u(r) = 2*r**2 + 281*r + 9278. What is u(-87)?
-31
Let m(l) = -4021*l - 313554. Calculate m(-78).
84
Let r(a) = a**3 - 1314*a**2 - 13267*a - 223. Calculate r(-10).
47
Let w(s) = -s**2 - 4008*s - 44047. Determine w(-11).
-80
Let z(h) = 213*h**2 - 17*h + 15. Give z(1).
211
Let v(s) = s**3 - 22*s**2 - 53*s + 814. What is v(24)?
694
Let s(p) = p**3 + 38*p**2 + 280*p + 1202. What is s(-30)?
2
Let d(x) = x**3 + 793*x**2 + 12483*x + 39623. Calculate d(-777).
-4
Let j(q) = q**3 - 15*q**2 - 40*q - 45. What is j(18)?
207
Let m(c) = c**2 - 521*c + 16543. Calculate m(34).
-15
Let f(a) = -36385*a + 618512. Determine f(17).
-33
Let q(i) = -7*i + 547. What is q(-219)?
2080
Let k(n) = 617*n**2 - 19119*n + 48. Give k(31).
296
Let r(c) = 18*c**2 - 1352*c - 1397. What is r(73)?
-4171
Let i(p) = -p**3 + 16*p**2 + 59*p + 8. Calculate i(18).
422
Let w(b) = 4378*b - 30556. Determine w(7).
90
Let f(b) = -12*b**2 + 932*b - 12900. Give f(14).
-2204
Let k(m) = -m**3 + 31*m**2 - 368*m + 8456. Give k(24).
3656
Let h(l) = 1231*l**3 - 2*l**2 + 176*l - 177. Give h(1).
1228
Let w(o) = 28*o - 3429. What is w(134)?
323
Let s(n) = n**3 + 31*n**2 - 12618*n - 2335. Determine s(98).
17
Let d(o) = -9092*o - 290944. Determine d(-32).
0
Let w(s) = -s**2 + 413*s + 47553. Give w(-94).
-105
Let m(h) = -2*h**2 - 136*h - 2154. What is m(-25)?
-4
Let i(j) = 19*j**2 + 1327*j - 1573. Calculate i(-71).
-11
Let s(o) = -o**3 - 163*o**2 - 1403*o - 72335. Give s(-157).
42
Let f(y) = -2*y**2 + 25874*y + 77633. Give f(-3).
-7
Let s(p) = p**2 + 16251*p + 146177. What is s(-9)?
-1
Let n(c) = -2*c**2 - 183104*c + 1831219. Determine n(10).
-21
Let j(w) = w**3 - 109*w**2 - 595*w + 2860. Determine j(114).
10
Let n(o) = -2120*o + 14848. Give n(7).
8
Let y(h) = h**3 - 16366*h**2 - 491880*h + 9. What is y(-30)?
9
Let p(j) = -j**3 + 17*j**2 - 201*j - 181. What is p(17)?
-3598
Let m(h) = -h**3 - 139*h**2 - 3201*h - 1185. Calculate m(-110).
25
Let i(d) = -d**3 - 16554*d - 66209. Give i(-4).
71
Let s(u) = 30*u**3 + 4*u**2 + 168*u - 172. Determine s(1).
30
Let a(h) = 21*h**3 - 926*h**2 + 105*h - 639. Determine a(44).
109
Let g(m) = 1290*m - 5240. Give g(4).
-80
Let j(v) = 8*v**2 - 134*v - 133. Calculate j(27).
2081
Let d(s) = 330*s**2 - 354*s + 272. Give d(1).
248
Let h(o) = 2698*o - 1473286. What is h(546)?
-178
Let y(h) = -2018*h + 58528. Give y(29).
6
Let u(r) = r**2 - 357*r - 78. Give u(0).
-78
Let o(f) = -231*f**2 - 972*f - 178. What is o(-4)?
14
Let c(r) = 343*r + 18927. What is c(-55)?
62
Let v(r) = -85*r**2 - 28838*r - 149628. Calculate v(-334).
4
Let a(z) = 2193*z**2 + 22074*z + 1450. Calculate a(-10).
10
Let m(a) = -2*a**2 + 1121*a - 38750. Calculate m(37).
-11
Let v(j) = -5205*j - 31193. Determine v(-6).
37
Let b(f) = -145*f**2 + 14*f - 4. Determine b(-1).
-163
Let g(u) = -144*u + 2330. Calculate g(17).
-118
Let q(f) = -4*f**3 + 79*f**2 + 197*f + 58. Give q(22).
36
Let l(d) = -4808*d + 52507. Calculate l(11).
-381
Let v(c) = -14070*c + 478271. Calculate v(34).
-109
Let g(f) = -4*f**3 - 25*f**2 + 2444*f + 14645. Give g(-6).
-55
Let h(b) = -126*b - 9316. Give h(-74).
8
Let d(i) = 1827*i + 61060. Calculate d(-34).
-1058
Let g(n) = 59*n - 5349. What is g(75)?
-924
Let v(j) = -243*j**3 - 218*j**2 + 7*j + 8. Calculate v(-1).
26
Let z(b) = -287*b**2 + 505*b + 129. Calculate z(2).
-9
Let t(m) = 48*m**3 + m**2 - 3*m + 59. What is t(-4)?
-2985
Let c(l) = 251*l + 32541. Give c(-122).
1919
Let j(o) = 9777*o - 342308. Calculate j(35).
-113
Let o(x) = 191*x**2 - 1533*x + 39. Calculate o(8).
-1
Let j(s) = -889*s + 893. Give j(1).
4
Let t(z) = -1107*z - 18437. What is t(-17)?
382
Let z(a) = -230*a - 348. Calculate z(-9).
1722
Let l(f) = f**2 + 3889*f - 930016. Determine l(226).
-26
Let m(j) = -5*j**3 - 1209*j**2 + 231*j - 2628. Calculate m(-242).
34
Let x(c) = 4*c**3 + 135*c**2 + 2173*c + 75034. What is x(-34)?
-4
Let u(p) = -30*p**2 - 230*p + 36670. Calculate u(-39).
10
Let o(b) = b**3 - 37*b**2 - 11251*b + 406311. Determine o(36).
-21
Let v(d) = -181*d + 6857. Determine v(37).
160
Let q(i) = 7*i**2 + 1661*i + 21880. Calculate q(-14).
-2
Let t(o) = -o**3 - 139*o**2 - 4403*o + 611. Give t(-90).
-19
Let y(t) = -127*t**2 - 27813*t + 8. Give y(-219).
8
Let s(y) = -23*y**3 + 86*y**2 - 75*y - 10. Calculate s(1).
-22
Let y(k) = -k**2 - 4399*k + 168533. Calculate y(38).
-73
Let q(k) = 8356*k + 266634. Determine q(-32).
-758
Let j(a) = -791*a**2 - 7108*a + 105. Determine j(-9).
6
Let k(i) = 47*i**3 + 463*i**2 - 23*i - 118. What is k(-10)?
-588
Let j(x) = x**2 + 10*x + 3. Give j(41).
2094
Let a(h) = -12*h**2 + 888*h + 795. Determine a(75).
-105
Let k(w) = 243*w - 22109. Calculate k(86).
-1211
Let a(s) = -2*s**3 - 7*s**2 + 477*s + 965. Give a(-2).
-1
Let k(b) = -2*b**2 + 89*b + 3984. Determine k(-32).
-912
Let k(c) = c**3 - 191*c**2 - 991*c + 41021. Calculate k(195).
-124
Let p(t) = -28*t**3 + 9*t**2 + 35*t + 15. Calculate p(-3).
747
Let w(x) = -405*x - 1176. Give w(-6).
1254
Let q(a) = a**2 - 275*a + 7519. Determine q(244).
-45
Let d(f) = 461*f + 414. Give d(2).
1336
Let v(k) = 40*k + 2912. Calculate v(-45).
1112
Let u(a) = 38*a**2 + 6405*a + 6404. Determine u(-1).
37
Let h(r) = -3*r**3 - 74*r**2 - 6*r - 810. Calculate h(-25).
-35
Let m(i) = 8*i**2 + 1597*i - 13300. What is m(8)?
-12
Let a(i) = 6*i**2 - 293*i + 2454. What is a(39)?
153
Let x(w) = 271839*w - 24737348. What is x(91)?
1
Let y(p) = -p**3 - 130*p**2 - 21*p - 2115. Calculate y(-130).
615
Let q(c) = -7*c**3 + 2990*c**2 - 251471*c - 312. Calculate q(312).
0
Let o(v) = -1402*v + 12706. Give o(9).
88
Let n(k) = 361*k**2 + 4697*k + 22. What is n(-13)?
-30
Let x(t) = -6*t**2 - 1765*t - 57098. Give x(-37).
-7
Let o(s) = -164*s + 53959. What is o(329)?
3
Let r(y) = -202108*y + 5456903. Determine r(27).
-13
Let m(z) = -519*z - 77111. Calculate m(-149).
220
Let z(a) = a**2 - 32*a + 308. What is z(37)?
493
Let d(q) = -14*q**2 - 733*q + 4018. Give d(5).
3
Let y(p) = -19*p**2 + 795*p + 817. Give y(-1).
3
Let j(i) = 132*i - 2074. What is j(14)?
-226
Let s(n) = -3196*n + 15975. What is s(5)?
-5
Let k(z) = -4087*z + 257583. Calculate k(63).
102
Let m(k) = k**2 + 4812*k - 581724. What is m(118)?
16
Let q(k) = -21639*k + 173115. What is q(8)?
3
Let m(b) = b**3 + 28*b**2 - 300*b - 452. What is m(-36)?
-20
Let l(f) = -409*f**2 + 15*f - 24. Calculate l(-2).
-1690
Let c(y) = y**2 + 178*y - 50437. What is c(-331)?
206
Let a(d) = 71*d - 632. What is a(24)?
1072
Let a(d) = 357*d**2 - 7495*d - 43. Calculate a(21).
-1
Let h(t) = -150*t + 1973. What is h(13)?
23
Let n(o) = -o**3 - 900*o**2 + 33891*o + 182519. Determine n(-936).
-1
Let a(i) = 2575*i - 72219. What is a(28)?
-119
Let j(b) = 6455*b - 2330258. What is j(361)?
-3
Let s(q) = -4*q**2 + 8682*q + 1412075. What is s(-152)?
-5
Let w(j) = -263*j + 1870. Give w(6).
292
Let j(b) = -b**2 - 3*b + 854. Give j(-34).
-200
Let b(y) = 337*y - 612. Give b(5).
1073
Let t(i) = 1035